{"id":579,"date":"2020-07-22T11:35:11","date_gmt":"2020-07-22T10:35:11","guid":{"rendered":"https:\/\/www.goerg-werbetechnik.de\/?page_id=579"},"modified":"2025-03-18T13:37:09","modified_gmt":"2025-03-18T12:37:09","slug":"grafik-design","status":"publish","type":"page","link":"https:\/\/www.goerg-werbetechnik.de\/index.php\/grafik-design\/","title":{"rendered":"Grafik &#038; Design"},"content":{"rendered":"\t\t<div data-elementor-type=\"wp-page\" data-elementor-id=\"579\" class=\"elementor elementor-579\" data-elementor-post-type=\"page\">\n\t\t\t\t\t\t<section class=\"elementor-section elementor-top-section elementor-element elementor-element-c30132b elementor-section-stretched elementor-section-height-min-height elementor-section-boxed elementor-section-height-default elementor-section-items-middle\" data-id=\"c30132b\" data-element_type=\"section\" data-settings=\"{&quot;stretch_section&quot;:&quot;section-stretched&quot;,&quot;background_background&quot;:&quot;classic&quot;}\">\n\t\t\t\t\t\t<div class=\"elementor-container elementor-column-gap-no\">\n\t\t\t\t\t<div class=\"elementor-column elementor-col-50 elementor-top-column elementor-element elementor-element-6c1474c elementor-hidden-phone\" data-id=\"6c1474c\" data-element_type=\"column\">\n\t\t\t<div class=\"elementor-widget-wrap\">\n\t\t\t\t\t\t\t<\/div>\n\t\t<\/div>\n\t\t\t\t<div class=\"elementor-column elementor-col-50 elementor-top-column elementor-element elementor-element-43e2162\" data-id=\"43e2162\" data-element_type=\"column\" data-settings=\"{&quot;background_background&quot;:&quot;classic&quot;}\">\n\t\t\t<div class=\"elementor-widget-wrap elementor-element-populated\">\n\t\t\t\t\t\t<div class=\"elementor-element elementor-element-5e7009d elementor-widget elementor-widget-heading\" data-id=\"5e7009d\" data-element_type=\"widget\" data-widget_type=\"heading.default\">\n\t\t\t\t<div class=\"elementor-widget-container\">\n\t\t\t\t\t<h2 class=\"elementor-heading-title elementor-size-default\">Grafik &amp; Design<\/h2>\t\t\t\t<\/div>\n\t\t\t\t<\/div>\n\t\t\t\t<div class=\"elementor-element elementor-element-3f1750c elementor-widget-divider--view-line elementor-widget elementor-widget-divider\" data-id=\"3f1750c\" data-element_type=\"widget\" data-widget_type=\"divider.default\">\n\t\t\t\t<div class=\"elementor-widget-container\">\n\t\t\t\t\t\t\t<div class=\"elementor-divider\">\n\t\t\t<span class=\"elementor-divider-separator\">\n\t\t\t\t\t\t<\/span>\n\t\t<\/div>\n\t\t\t\t\t\t<\/div>\n\t\t\t\t<\/div>\n\t\t\t\t\t<\/div>\n\t\t<\/div>\n\t\t\t\t\t<\/div>\n\t\t<\/section>\n\t\t\t\t<section class=\"elementor-section elementor-top-section elementor-element elementor-element-352ce5d elementor-section-boxed elementor-section-height-default elementor-section-height-default\" data-id=\"352ce5d\" data-element_type=\"section\">\n\t\t\t\t\t\t<div class=\"elementor-container elementor-column-gap-default\">\n\t\t\t\t\t<div class=\"elementor-column elementor-col-50 elementor-top-column elementor-element elementor-element-51c8d16\" data-id=\"51c8d16\" data-element_type=\"column\">\n\t\t\t<div class=\"elementor-widget-wrap elementor-element-populated\">\n\t\t\t\t\t\t<div class=\"elementor-element elementor-element-cc75d79 elementor-widget elementor-widget-heading\" data-id=\"cc75d79\" data-element_type=\"widget\" data-widget_type=\"heading.default\">\n\t\t\t\t<div class=\"elementor-widget-container\">\n\t\t\t\t\t<h1 class=\"elementor-heading-title elementor-size-default\">Wirkungsvolles Grafikdesign<br>- vom Profi bei Saarbr\u00fccken im Saarland ...<\/h1>\t\t\t\t<\/div>\n\t\t\t\t<\/div>\n\t\t\t\t<div class=\"elementor-element elementor-element-e724adf elementor-widget elementor-widget-text-editor\" data-id=\"e724adf\" data-element_type=\"widget\" data-widget_type=\"text-editor.default\">\n\t\t\t\t<div class=\"elementor-widget-container\">\n\t\t\t\t\t\t\t\t\t<p>Vielleicht kennen Sie das? Viele Unternehmen sind so tief mit Ihren eigenen Leistungen besch\u00e4ftigt und achten deshalb viel zu wenig auf ihre Au\u00dfenwirkung. Wir unterst\u00fctzen Sie mit unserer Erfahrung im Bereich Grafik &amp; Design und gestalten mit Ihnen f\u00fcr Ihr Unternehmen genau das, was Sie f\u00fcr zuk\u00fcnftigen Werbeauftritte aussagen m\u00f6chten.<\/p><p><b>Was ben\u00f6tigen wir f\u00fcr Informationen von Ihnen f\u00fcr die Gestaltung Ihrer Werbema\u00dfnahmen?<\/b><\/p><p>Bestenfalls haben Sie f\u00fcr uns eine Datei Ihres Unternehmenslogos und wir erhalten daraus unsere Informationen um Ihnen Ihre perfekte Werbel\u00f6sungen vorzustellen.<\/p><p><b>Sie sind Jungunternehmer bzw. in der Start-Up Gr\u00fcndung? &#8211; oder auf der Suche nach einem aufmerksamstarken und zu Ihnen passenden Logo-Design, das f\u00fcr den nationalen und internationalen Markt auch markenrechtlich funktioniert?<\/b><\/p><p>Dann sind Sie hier genau richtig. Als erfahrene Werbeprofis aus Lebach bei Saarbr\u00fccken im Saarland unterst\u00fctzen wir Sie mit wirkungsvollem Grafikdesign, damit Ihr Business mit Ihrem Unternehmenslogo aus der Masse \u00fcberall auf der Welt heraussticht. Und unsere Partner geben Ihnen, wenn Sie dies w\u00fcnschen, f\u00fcr Ihr Logo die markenrechtliche Sicherheit, damit es IHR LOGO BLEIBT!!!<\/p><p><b>Sie haben einen eigenen Grafikdesigner, der Sie bereits in Ihrer Au\u00dfendarstellung unterst\u00fctzt?<\/b><\/p><p>Dann setzen wir diese grafischen Arbeiten als spezialisierte Werbetechniker in einzigartige Werbeprodukte um.<\/p>\t\t\t\t\t\t\t\t<\/div>\n\t\t\t\t<\/div>\n\t\t\t\t\t<\/div>\n\t\t<\/div>\n\t\t\t\t<div class=\"elementor-column elementor-col-50 elementor-top-column elementor-element elementor-element-f299490\" data-id=\"f299490\" data-element_type=\"column\">\n\t\t\t<div class=\"elementor-widget-wrap elementor-element-populated\">\n\t\t\t\t\t\t<div class=\"elementor-element elementor-element-b681586 elementor-widget elementor-widget-heading\" data-id=\"b681586\" data-element_type=\"widget\" data-widget_type=\"heading.default\">\n\t\t\t\t<div class=\"elementor-widget-container\">\n\t\t\t\t\t<h6 class=\"elementor-heading-title elementor-size-default\"><br><br><\/h6>\t\t\t\t<\/div>\n\t\t\t\t<\/div>\n\t\t\t\t<div class=\"elementor-element elementor-element-31f30a6 elementor-widget elementor-widget-text-editor\" data-id=\"31f30a6\" data-element_type=\"widget\" data-widget_type=\"text-editor.default\">\n\t\t\t\t<div class=\"elementor-widget-container\">\n\t\t\t\t\t\t\t\t\t<p><b>Ihr Unternehmen ist schon l\u00e4nger am Markt und m\u00f6chte sich neu darstellen?<\/b><\/p><p>Oftmals ist es f\u00fcr gestandene Unternehmen mit einer langen Tradition eine gute L\u00f6sung, das Unternehmenslogo einem feinen, zeitgem\u00e4\u00dfen Schliff zu unterziehen. Der erste Eindruck und die Wiedererkennung f\u00fcr Ihre langj\u00e4hrigen Kunden bleibt somit erhalten, aber eine zarte Moderne wird herausgearbeitet ohne alles zu sehr zu ver\u00e4ndern. Mit unserer langj\u00e4hrigen Erfahrung im Bereich Grafikdesign finden wir die richtige L\u00f6sung f\u00fcr Sie, um das Design ihres Unternehmens f\u00fcr zuk\u00fcnftige Werbeprojekte zu perfektionieren und f\u00fcr die Zukunft zu wappnen.<\/p><p>Wir stehen daf\u00fcr, dass ein gutes Logo-Design funktional f\u00fcr den Kunden sein muss, das hei\u00dft umsetzbar f\u00fcr jede nur denkbare Werbung und Werbema\u00dfnahme sowie auch f\u00fcr alle Druck, Schneid- &amp; Fr\u00e4stechniken, Bestickungen und andere Techniken. Es reicht nicht aus, dass Firmenlogos nur sch\u00f6n aussehen, aber in der Umsetzung f\u00fcr Werbema\u00dfnahmen ungeeignet sind. Vertrauen Sie unserer Erfahrung und Ihr professioneller Firmenauftritt kann noch heute beginnen.<\/p><p>F\u00fcr den Fall, dass keiner der vorhergehenden Punkte auf Sie zutrifft, k\u00f6nnte ein einziger Anruf und ein folgendes pers\u00f6nliches Beratungsgespr\u00e4ch Ihr zuk\u00fcnftiger Eintritt in unsere \u201ewunderbare Welt der Werbung\u201c sein, die Ihnen endlich die Sichtbarkeit gibt, die Ihr Unternehmen verdient. Wir sind Ihre Werbetechniker aus dem Saarland mit dem geschulten Auge f\u00fcr Grafikdesign, das wirkt.<\/p><p style=\"color: #2390cf;\"><b>Neugierig geworden und Sie m\u00f6chten in unsere Werbewelt vorab schon einmal eintauchen? Perfekt! Schauen Sie doch einfach mal unter <a href=\"https:\/\/goerg.werbetechniker.cc\">Werbetechniker.cc<\/a> &amp; <a href=\"https:\/\/goerg.raumzeit.cc\/de\/\">Raumzeitkonzept<\/a> nach tollen M\u00f6glichkeiten f\u00fcr Ihr Unternehmen.<\/b><\/p><p>Sie m\u00f6chten mehr sehen? Dann besuchen Sie uns doch mal in unserem <a href=\"https:\/\/www.goerg-werbetechnik.de\/index.php\/blog\/\">Blog<\/a>.<\/p>\t\t\t\t\t\t\t\t<\/div>\n\t\t\t\t<\/div>\n\t\t\t\t<div class=\"elementor-element elementor-element-c86d977 elementor-widget elementor-widget-image\" data-id=\"c86d977\" data-element_type=\"widget\" data-widget_type=\"image.default\">\n\t\t\t\t<div class=\"elementor-widget-container\">\n\t\t\t\t\t\t\t\t\t\t\t\t\t\t\t\t<a href=\"https:\/\/goerg.werbetechniker.cc\">\n\t\t\t\t\t\t\t<img fetchpriority=\"high\" decoding=\"async\" width=\"800\" height=\"159\" src=\"https:\/\/www.goerg-werbetechnik.de\/wp-content\/uploads\/2020\/08\/Logo-Nachbau-f-Webseite-unten-820-1024x204.png\" class=\"attachment-large size-large wp-image-1376\" alt=\"\" srcset=\"https:\/\/www.goerg-werbetechnik.de\/wp-content\/uploads\/2020\/08\/Logo-Nachbau-f-Webseite-unten-820-1024x204.png 1024w, https:\/\/www.goerg-werbetechnik.de\/wp-content\/uploads\/2020\/08\/Logo-Nachbau-f-Webseite-unten-820-300x60.png 300w, https:\/\/www.goerg-werbetechnik.de\/wp-content\/uploads\/2020\/08\/Logo-Nachbau-f-Webseite-unten-820-768x153.png 768w, https:\/\/www.goerg-werbetechnik.de\/wp-content\/uploads\/2020\/08\/Logo-Nachbau-f-Webseite-unten-820.png 1482w\" sizes=\"(max-width: 800px) 100vw, 800px\" \/>\t\t\t\t\t\t\t\t<\/a>\n\t\t\t\t\t\t\t\t\t\t\t\t\t\t\t<\/div>\n\t\t\t\t<\/div>\n\t\t\t\t\t<\/div>\n\t\t<\/div>\n\t\t\t\t\t<\/div>\n\t\t<\/section>\n\t\t\t\t<section class=\"elementor-section elementor-top-section elementor-element elementor-element-cbc04a8 elementor-section-boxed elementor-section-height-default elementor-section-height-default\" data-id=\"cbc04a8\" data-element_type=\"section\">\n\t\t\t\t\t\t<div class=\"elementor-container elementor-column-gap-default\">\n\t\t\t\t\t<div class=\"elementor-column elementor-col-100 elementor-top-column elementor-element elementor-element-d1e1b52\" data-id=\"d1e1b52\" data-element_type=\"column\">\n\t\t\t<div class=\"elementor-widget-wrap elementor-element-populated\">\n\t\t\t\t\t\t<div class=\"elementor-element elementor-element-652a516 elementor-widget elementor-widget-heading\" data-id=\"652a516\" data-element_type=\"widget\" data-widget_type=\"heading.default\">\n\t\t\t\t<div class=\"elementor-widget-container\">\n\t\t\t\t\t<h2 class=\"elementor-heading-title elementor-size-default\">G\u00f6rg Werbetechnik - Ihre Werbetechniker mit dem Auge f\u00fcr wirkungsvolles Grafikdesign aus Lebach bei Saarbr\u00fccken im Saarland<\/h2>\t\t\t\t<\/div>\n\t\t\t\t<\/div>\n\t\t\t\t\t<\/div>\n\t\t<\/div>\n\t\t\t\t\t<\/div>\n\t\t<\/section>\n\t\t\t\t<section class=\"elementor-section elementor-inner-section elementor-element elementor-element-44d1a17e elementor-section-boxed elementor-section-height-default elementor-section-height-default\" data-id=\"44d1a17e\" data-element_type=\"section\" data-settings=\"{&quot;shape_divider_bottom&quot;:&quot;opacity-tilt&quot;}\">\n\t\t\t\t\t<div class=\"elementor-shape elementor-shape-bottom\" data-negative=\"false\">\n\t\t\t<svg xmlns=\"http:\/\/www.w3.org\/2000\/svg\" viewBox=\"0 0 2600 131.1\" preserveAspectRatio=\"none\">\n\t<path class=\"elementor-shape-fill\" d=\"M0 0L2600 0 2600 69.1 0 0z\"\/>\n\t<path class=\"elementor-shape-fill\" style=\"opacity:0.5\" d=\"M0 0L2600 0 2600 69.1 0 69.1z\"\/>\n\t<path class=\"elementor-shape-fill\" style=\"opacity:0.25\" d=\"M2600 0L0 0 0 130.1 2600 69.1z\"\/>\n<\/svg>\t\t<\/div>\n\t\t\t\t\t<div class=\"elementor-container elementor-column-gap-default\">\n\t\t\t\t\t<div class=\"elementor-column elementor-col-33 elementor-inner-column elementor-element elementor-element-e2a8d46\" data-id=\"e2a8d46\" data-element_type=\"column\">\n\t\t\t<div class=\"elementor-widget-wrap elementor-element-populated\">\n\t\t\t\t\t\t<div class=\"elementor-element elementor-element-38b7e09f elementor-view-stacked elementor-shape-square elementor-position-top elementor-mobile-position-top elementor-widget elementor-widget-icon-box\" data-id=\"38b7e09f\" data-element_type=\"widget\" data-widget_type=\"icon-box.default\">\n\t\t\t\t<div class=\"elementor-widget-container\">\n\t\t\t\t\t\t\t<div class=\"elementor-icon-box-wrapper\">\n\n\t\t\t\t\t\t<div class=\"elementor-icon-box-icon\">\n\t\t\t\t<span  class=\"elementor-icon\">\n\t\t\t\t<i aria-hidden=\"true\" class=\"fas fa-phone\"><\/i>\t\t\t\t<\/span>\n\t\t\t<\/div>\n\t\t\t\n\t\t\t\t\t\t<div class=\"elementor-icon-box-content\">\n\n\t\t\t\t\t\t\t\t\t<h3 class=\"elementor-icon-box-title\">\n\t\t\t\t\t\t<span  >\n\t\t\t\t\t\t\tRufnummer & Mail\t\t\t\t\t\t<\/span>\n\t\t\t\t\t<\/h3>\n\t\t\t\t\n\t\t\t\t\t\t\t\t\t<p class=\"elementor-icon-box-description\">\n\t\t\t\t\t\tTel.: <a href=\"tel:+4968819349696\">+49 6881 9349696<\/a><br>Mail: <a href=\"mailto:info@goerg-werbetechnik.de\">info@goerg-werbetechnik.de<\/a>\t\t\t\t\t<\/p>\n\t\t\t\t\n\t\t\t<\/div>\n\t\t\t\n\t\t<\/div>\n\t\t\t\t\t\t<\/div>\n\t\t\t\t<\/div>\n\t\t\t\t\t<\/div>\n\t\t<\/div>\n\t\t\t\t<div class=\"elementor-column elementor-col-33 elementor-inner-column elementor-element elementor-element-23dbae21\" data-id=\"23dbae21\" data-element_type=\"column\">\n\t\t\t<div class=\"elementor-widget-wrap elementor-element-populated\">\n\t\t\t\t\t\t<div class=\"elementor-element elementor-element-27af3261 elementor-view-stacked elementor-shape-square elementor-position-top elementor-mobile-position-top elementor-widget elementor-widget-icon-box\" data-id=\"27af3261\" data-element_type=\"widget\" data-widget_type=\"icon-box.default\">\n\t\t\t\t<div class=\"elementor-widget-container\">\n\t\t\t\t\t\t\t<div class=\"elementor-icon-box-wrapper\">\n\n\t\t\t\t\t\t<div class=\"elementor-icon-box-icon\">\n\t\t\t\t<span  class=\"elementor-icon\">\n\t\t\t\t<i aria-hidden=\"true\" class=\"far fa-comment-alt\"><\/i>\t\t\t\t<\/span>\n\t\t\t<\/div>\n\t\t\t\n\t\t\t\t\t\t<div class=\"elementor-icon-box-content\">\n\n\t\t\t\t\t\t\t\t\t<h3 class=\"elementor-icon-box-title\">\n\t\t\t\t\t\t<span  >\n\t\t\t\t\t\t\tKontaktieren Sie Uns\t\t\t\t\t\t<\/span>\n\t\t\t\t\t<\/h3>\n\t\t\t\t\n\t\t\t\t\n\t\t\t<\/div>\n\t\t\t\n\t\t<\/div>\n\t\t\t\t\t\t<\/div>\n\t\t\t\t<\/div>\n\t\t\t\t<div class=\"elementor-element elementor-element-84c5061 elementor-align-center elementor-widget elementor-widget-button\" data-id=\"84c5061\" data-element_type=\"widget\" data-widget_type=\"button.default\">\n\t\t\t\t<div class=\"elementor-widget-container\">\n\t\t\t\t\t\t\t\t\t<div class=\"elementor-button-wrapper\">\n\t\t\t\t\t<a class=\"elementor-button elementor-button-link elementor-size-sm\" href=\"https:\/\/www.goerg-werbetechnik.de\/index.php\/kontakt\">\n\t\t\t\t\t\t<span class=\"elementor-button-content-wrapper\">\n\t\t\t\t\t\t\t\t\t<span class=\"elementor-button-text\">Jetzt Anfrage Senden!<\/span>\n\t\t\t\t\t<\/span>\n\t\t\t\t\t<\/a>\n\t\t\t\t<\/div>\n\t\t\t\t\t\t\t\t<\/div>\n\t\t\t\t<\/div>\n\t\t\t\t\t<\/div>\n\t\t<\/div>\n\t\t\t\t<div class=\"elementor-column elementor-col-33 elementor-inner-column elementor-element elementor-element-c85d936\" data-id=\"c85d936\" data-element_type=\"column\">\n\t\t\t<div class=\"elementor-widget-wrap elementor-element-populated\">\n\t\t\t\t\t\t<div class=\"elementor-element elementor-element-740ab55a elementor-view-stacked elementor-shape-square elementor-position-top elementor-mobile-position-top elementor-widget elementor-widget-icon-box\" data-id=\"740ab55a\" data-element_type=\"widget\" data-widget_type=\"icon-box.default\">\n\t\t\t\t<div class=\"elementor-widget-container\">\n\t\t\t\t\t\t\t<div class=\"elementor-icon-box-wrapper\">\n\n\t\t\t\t\t\t<div class=\"elementor-icon-box-icon\">\n\t\t\t\t<span  class=\"elementor-icon\">\n\t\t\t\t<i aria-hidden=\"true\" class=\"fas fa-shopping-cart\"><\/i>\t\t\t\t<\/span>\n\t\t\t<\/div>\n\t\t\t\n\t\t\t\t\t\t<div class=\"elementor-icon-box-content\">\n\n\t\t\t\t\t\t\t\t\t<h3 class=\"elementor-icon-box-title\">\n\t\t\t\t\t\t<span  >\n\t\t\t\t\t\t\tShops\t\t\t\t\t\t<\/span>\n\t\t\t\t\t<\/h3>\n\t\t\t\t\n\t\t\t\t\t\t\t\t\t<p class=\"elementor-icon-box-description\">\n\t\t\t\t\t\t<a href=\"https:\/\/goerg.raumzeit.cc\/de\/\">Raumzeit Online Shop<\/a><br><a href=\"https:\/\/goerg.werbetechniker.cc\/de\/\">Werbetechniker Online Shop<\/a><br><a href=\"https:\/\/goerg-werbetechnik.werbeartikel.co\/\">Werbeartikel Shop<\/a>\t\t\t\t\t<\/p>\n\t\t\t\t\n\t\t\t<\/div>\n\t\t\t\n\t\t<\/div>\n\t\t\t\t\t\t<\/div>\n\t\t\t\t<\/div>\n\t\t\t\t\t<\/div>\n\t\t<\/div>\n\t\t\t\t\t<\/div>\n\t\t<\/section>\n\t\t\t\t<\/div>\n\t\t","protected":false},"excerpt":{"rendered":"<p>Grafik &amp; Design Wirkungsvolles Grafikdesign&#8211; vom Profi bei Saarbr\u00fccken im Saarland &#8230; Vielleicht kennen Sie das? Viele Unternehmen sind so tief mit Ihren eigenen Leistungen besch\u00e4ftigt und achten deshalb viel zu wenig auf ihre Au\u00dfenwirkung. Wir unterst\u00fctzen Sie mit unserer Erfahrung im Bereich Grafik &amp; Design und gestalten mit Ihnen f\u00fcr Ihr Unternehmen genau das, [&hellip;]<\/p>\n","protected":false},"author":1,"featured_media":1698,"parent":0,"menu_order":0,"comment_status":"closed","ping_status":"closed","template":"","meta":{"footnotes":""},"class_list":["post-579","page","type-page","status-publish","has-post-thumbnail","hentry"],"_links":{"self":[{"href":"https:\/\/www.goerg-werbetechnik.de\/index.php\/wp-json\/wp\/v2\/pages\/579","targetHints":{"allow":["GET"]}}],"collection":[{"href":"https:\/\/www.goerg-werbetechnik.de\/index.php\/wp-json\/wp\/v2\/pages"}],"about":[{"href":"https:\/\/www.goerg-werbetechnik.de\/index.php\/wp-json\/wp\/v2\/types\/page"}],"author":[{"embeddable":true,"href":"https:\/\/www.goerg-werbetechnik.de\/index.php\/wp-json\/wp\/v2\/users\/1"}],"replies":[{"embeddable":true,"href":"https:\/\/www.goerg-werbetechnik.de\/index.php\/wp-json\/wp\/v2\/comments?post=579"}],"version-history":[{"count":42,"href":"https:\/\/www.goerg-werbetechnik.de\/index.php\/wp-json\/wp\/v2\/pages\/579\/revisions"}],"predecessor-version":[{"id":2231,"href":"https:\/\/www.goerg-werbetechnik.de\/index.php\/wp-json\/wp\/v2\/pages\/579\/revisions\/2231"}],"wp:featuredmedia":[{"embeddable":true,"href":"https:\/\/www.goerg-werbetechnik.de\/index.php\/wp-json\/wp\/v2\/media\/1698"}],"wp:attachment":[{"href":"https:\/\/www.goerg-werbetechnik.de\/index.php\/wp-json\/wp\/v2\/media?parent=579"}],"curies":[{"name":"wp","href":"https:\/\/api.w.org\/{rel}","templated":true}]}}